) = 432*p + 13 - 113*p - 104*p - 106*p - 110*p. List the prime factors of z(h).
2, 3
Let a = 11 + -4. Let w be 312/(-14) + 2/a. Let k = -12 - w. What are the prime factors of k?
2, 5
Let z(t) = 334*t - 12. What are the prime factors of z(2)?
2, 41
Let r be 10/6*(-24)/(-4). Let z = r + 20. Let t = 44 - z. List the prime factors of t.
2, 7
Suppose -8*w = 73812 + 17620. List the prime factors of w/(-77) + (-6)/14.
2, 37
Let l be -1*(-5 - (0 - 0)). Suppose 5*z + 4*r - 34 = 0, 0*z + 2*z + l*r = 17. What are the prime factors of ((-114)/(-4))/(3/z)?
3, 19
Let y = -2479 + 3474. List the prime factors of y.
5, 199
Suppose 4*a = 8 - 0. Suppose -r + a*r = 5, 2*r = -4*q + 22. Suppose -q*o + 62 + 19 = 0. What are the prime factors of o?
3
Let c be (-84)/12 + (2/2 - -2). What are the prime factors of ((-70)/c)/5*8?
2, 7
Suppose 852 = 3*g + 3*f, -5*g = 2*f - 3*f - 1426. List the prime factors of g.
3, 5, 19
Let o(f) = 2108*f**2 + 7*f - 8. What are the prime factors of o(1)?
7, 43
Suppose 7*v = -44 + 184. Suppose v*l = 23*l - 240. What are the prime factors of l?
2, 5
Let p(l) = 2*l - 15. Let a be p(-6). Suppose 176 = 2*r + 62. Let m = a + r. What are the prime factors of m?
2, 3, 5
Let i be 1727 + (2/3)/(4/6). Suppose -360 = -f + 5*g, i = 2*f + 3*f - g. List the prime factors of f.
3, 5, 23
Let n be (-5)/1*(4/(-2) + 1). Suppose -2*v - n*y + 378 = 0, -y = -v - 0*y + 175. List the prime factors of v.
179
Suppose -18*a + 23*a = 145. Suppose -89 = -q + a. What are the prime factors of q?
2, 59
Suppose 2*z - 3*w - 9 = 0, 5*z - 2*w - 3*w - 15 = 0. Suppose -4*x = -3*g + 286, x - 187 = -2*g - z*x. List the prime factors of g.
2, 47
Suppose 0 = -4*f - 12 + 4, 4*v - 5*f = 2994. List the prime factors of v.
2, 373
Suppose -5086 = -18*o + 35504. What are the prime factors of o?
5, 11, 41
Let s = 643 - 322. What are the prime factors of s?
3, 107
Let q(a) = -107*a**3 - 3*a**2 - a + 1. Let c be q(-1). List the prime factors of c + -1 + (4 - 3).
2, 53
Suppose -4*y + y = 36. Suppose n - 5*p = -73, -5*n - 129 = 4*p + 120. Let c = y - n. What are the prime factors of c?
41
Let x = 76 - 36. Suppose -2*w = 2*i - 138, 3*w - x - 31 = -i. What are the prime factors of i?
2, 17
Suppose 2*b + 2*g - 4 = 0, 3*b = -5*g + 8 - 2. Suppose 0*i - b*i = -8. Suppose 48 = -0*c + 5*c - i*q, 5*c - q = 42. What are the prime factors of c?
2
Let x(z) = 27*z**3 - z**2 + z + 2. Let c be x(-1). Let j be (-6)/c - 2/9. What are the prime factors of 222/12*(j - -2)?
37
Let a(g) = -22*g - 1. Suppose 3*x = -d + 8, -3*x + x + 20 = 2*d. Suppose 5*p + 3*k + 20 = 0, 2*p - d - 2 = 3*k. List the prime factors of a(p).
3, 7
Let v be -36*(3 + -3 - -1). Let h be (-28)/49 - v/14. Suppose -2*x + 103 = -5*d, h*d + 50 = x - 2*d. List the prime factors of x.
2, 3
Let i(d) = 866*d**2 + 4*d + 3. List the prime factors of i(1).
3, 97
Let r be -1*4/(-4 - -3). Let y(v) = v + 1. Let k be y(3). What are the prime factors of (r + -4)/k + 25?
5
Suppose 66870 = 17*y - 15223. List the prime factors of y.
11, 439
Let s = -10 - -7. What are the prime factors of (1 - (-29 + s))*1?
3, 11
Let s(t) = t**2 - 3. Let n be s(3). Suppose 0*i - 600 = -n*i. List the prime factors of i.
2, 5
Let w be 2*(14/18 + 16/72). Suppose -3*r = -r + m - 179, w*m = r - 87. What are the prime factors of r?
89
Suppose -5*t + 139 = -0*g + 2*g, 0 = 2*g - t - 109. What are the prime factors of 6365/g - 1/(-3)?
2, 7
Suppose 4*z - 3*z = 5*v - 20, -v + 2*z + 4 = 0. Suppose -2*h = -v, 7*h - 3*h + 1 = 3*r. What are the prime factors of 69/3 + -3 + r?
23
Let x = 13859 + -9550. What are the prime factors of x?
31, 139
Let n(l) = 2*l**2 + 34*l + 75. What are the prime factors of n(17)?
1231
Let x = -106 - -228. List the prime factors of x.
2, 61
Let b = 22 + 30. Let n = b + 5. List the prime factors of n.
3, 19
Suppose 3*l + 13 = 2*u, 4*l + 1 + 5 = -3*u. Suppose 4*m = -u*z, 0 = -3*z + 7*z + 2*m + 6. Let w = 15 - z. What are the prime factors of w?
17
Suppose 4*y + 3*c = 6, -3*c = -y - 0*y + 9. Suppose 63 = -y*g + 255. What are the prime factors of g?
2
Suppose 24*b - 19*b - 15 = 0. Suppose b*g = 2*w + 491, 789 = 5*g + 3*w + w. List the prime factors of g.
7, 23
Let d(l) = 15*l**2 + 21*l - 25. What are the prime factors of d(-13)?
2237
Let f(q) be the first derivative of -q**4/4 + 2*q**3/3 + q**2/2 + q + 5. Let x be f(3). Let o = x - -13. List the prime factors of o.
2
Let n(z) be the first derivative of 4*z + 1. Let x(b) = b. Let r(w) = n(w) + 4*x(w). What are the prime factors of r(4)?
2, 5
List the prime factors of 2619*(-1 - 12/(-9)).
3, 97
Let s = -1257 + 2302. List the prime factors of s.
5, 11, 19
Let h(g) = 2*g - 21. Let t be h(4). Let f = 247 - t. List the prime factors of f.
2, 5, 13
Suppose 5*k - 5*t - 2990 = 0, -5*t + 1306 + 496 = 3*k. List the prime factors of k.
599
Suppose -r - 3*r = 5*o + 21, 3*o - 3*r = 9. Let u be -3 + 0/o + 18. Suppose u = -h + 2*h. What are the prime factors of h?
3, 5
Let o be (-4)/(-14) + (-132)/21 - 3. What are the prime factors of -2*o/(-6)*417/(-9)?
139
Suppose o - 2*x = 7, 0 = -3*o + 4*x + 7 + 10. Let w(i) = 16*i**2 - i + 5. List the prime factors of w(o).
2, 73
Let x = 529 + -211. Suppose 3*o + x = 4*a, 10 = 4*o + 2. Let q = 132 - a. List the prime factors of q.
3, 17
Let n = 72 - 59. Let s(v) = 20*v - 16. What are the prime factors of s(n)?
2, 61
Let n be 7/((2/2)/(-1)). Let r(b) = -7*b - 10. Let l be r(n). What are the prime factors of (26/l)/((-4)/(-162))?
3
Let z = 1 - -4. Suppose -2*p + 7*p - 45 = 0. Suppose z*n - p*n = -32. What are the prime factors of n?
2
Let a = 23 - 32. Let w(h) = -2*h**2 - 3*h**2 + 9*h + 11 + 6*h**2. What are the prime factors of w(a)?
11
List the prime factors of -7*(-4 - 832/56).
2, 3, 11
Let z = -880 - -2104. List the prime factors of z.
2, 3, 17
Let z(t) = -5*t + 12. Let j be z(9). Let s = 13 - j. List the prime factors of s.
2, 23
Let f(b) = 3*b**2 - 3. Let x be f(-2). Suppose x*j = 5*j - 24. Let z(t) = t + 20. What are the prime factors of z(j)?
2, 7
Suppose -3*b - 2*m + 14 = 0, 3*b + m + 4 = 23. Suppose -b*x + 555 + 5 = 0. List the prime factors of x.
2, 5, 7
Suppose -11*a - 3440 + 10491 = 0. List the prime factors of a.
641
Suppose 1905*p = 1903*p + 5056. List the prime factors of p.
2, 79
Let j(v) = 2 + 4*v - 8 + 2. Let t be j(2). What are the prime factors of 32 - 6*t/8?
29
List the prime factors of (-3)/(-3) - (4 + -5 + -269).
271
Suppose -3266 = -5*z - 2*x, 4*x - 1630 + 314 = -2*z. What are the prime factors of z?
2, 163
Suppose -38*t = -44*t + 6156. List the prime factors of t.
2, 3, 19
Let x(i) = 2*i**2 - 3*i + 190. List the prime factors of x(20).
2, 3, 5, 31
Let u(v) = 2*v**2 - 15*v + 69. Let a be u(10). Let b = -2 + a. List the prime factors of b.
3, 13
Let q(u) = -u**3 + 10*u**2 - 11*u + 13. Let a be q(9). Let k = a - -7. Suppose -k*d + 62 = -94. What are the prime factors of d?
2, 3, 13
Let g(u) = 25*u**2 - 9*u - 166. What are the prime factors of g(-10)?
2, 3, 101
Let b(w) = -w**2 - 16*w - 37. Let t be b(-13). What are the prime factors of (-183)/(-5) - t/(-5)?
37
Suppose 0 = w + 6. Let r(t) be the first derivative of -t**2/2 + 10*t + 1. What are the prime factors of r(w)?
2
Let d(t) = -t**2 + 9*t - 4. Let l be d(7). Suppose -7*s = -l*s. Suppose 2*j + s = 6. List the prime factors of j.
3
Let y = 854 + -577. What are the prime factors of y?
277
Suppose 0 = 23*d - 34*d + 15136. List the prime factors of d.
2, 43
Let x(y) be the second derivative of y**4/4 + 3*y**3/2 - y**2/2 - y. What are the prime factors of x(-4)?
11
Let k = 1341 - 267. What are the prime factors of k?
2, 3, 179
Let q(x) = 9*x**3 + 2*x**2 - 4*x + 2. Let d be q(2). Suppose -2*g + d = 28. List the prime factors of g.
23
Let a = -854 + 1432. What are the prime factors of a?
2, 17
Let d = -5 + 247. What are the prime factors of d?
2, 11
Suppose 0 = -o - 4 - 3. Let x(q) = -q**3 - 7*q**2 - 8*q + 6. Let b be x(o). Let y = b + -39. List the prime factors of y.
23
Suppose -2*x + 2*r = 0, 5*x = -5*r - 0*r - 10. Let b(h) = -3*h - 1. Let w be b(x). List the prime factors of w/(-11) + (-1095)/(-33).
3, 11
Suppose -3*g = -3*c + 3, 2*c - 3 = g + 2. Suppose g*b = -5 + 17. List the prime factors of (-95)/(-2) - (-2)/b.
2, 3
Let f(p) = 71*p + 268. List the prime factors of f(7).
3, 5, 17
Let y be (-1)/3 - ((-1322)/6 - -2)